{"id":280,"date":"2015-07-07T17:16:18","date_gmt":"2015-07-07T14:16:18","guid":{"rendered":"http:\/\/www.basakbugay.com\/?page_id=280"},"modified":"2022-03-31T21:20:06","modified_gmt":"2022-03-31T18:20:06","slug":"doll-2","status":"publish","type":"page","link":"https:\/\/www.basakbugay.com\/index.php\/doll-2\/","title":{"rendered":"Doll"},"content":{"rendered":"<p>Presentation in the studio of the artist, Istanbul, 2015<\/p>\n<div id=\"metaslider-id-94\" style=\"max-width: 1000px;\" class=\"ml-slider-3-27-3 metaslider metaslider-flex metaslider-94 ml-slider ms-theme-blend nav-hidden\">\n    <div id=\"metaslider_container_94\">\n        <div id=\"metaslider_94\" class=\"flexslider\">\n            <ul aria-live=\"polite\" class=\"slides\">\n                <li style=\"display: block; width: 100%;\" class=\"slide-293 ms-image\"><img width=\"3000\" height=\"1981\" src=\"https:\/\/www.basakbugay.com\/wp-content\/uploads\/2015\/07\/mini-DSC1693-copy.jpg\" class=\"slider-94 slide-293\" alt=\"\" loading=\"lazy\" rel=\"\" title=\"\" style=\"margin-top: 1.9833333333333%\" srcset=\"https:\/\/www.basakbugay.com\/wp-content\/uploads\/2015\/07\/mini-DSC1693-copy.jpg 3000w, https:\/\/www.basakbugay.com\/wp-content\/uploads\/2015\/07\/mini-DSC1693-copy-300x198.jpg 300w, https:\/\/www.basakbugay.com\/wp-content\/uploads\/2015\/07\/mini-DSC1693-copy-1024x676.jpg 1024w, https:\/\/www.basakbugay.com\/wp-content\/uploads\/2015\/07\/mini-DSC1693-copy-600x396.jpg 600w, https:\/\/www.basakbugay.com\/wp-content\/uploads\/2015\/07\/mini-DSC1693-copy-1090x720.jpg 1090w, https:\/\/www.basakbugay.com\/wp-content\/uploads\/2015\/07\/mini-DSC1693-copy-1024x676@2x.jpg 2048w, https:\/\/www.basakbugay.com\/wp-content\/uploads\/2015\/07\/mini-DSC1693-copy-600x396@2x.jpg 1200w, https:\/\/www.basakbugay.com\/wp-content\/uploads\/2015\/07\/mini-DSC1693-copy-1090x720@2x.jpg 2180w\" sizes=\"(max-width: 3000px) 100vw, 3000px\" \/><div class=\"caption-wrap\"><div class=\"caption\">Installation view<\/div><\/div><\/li>\n                <li style=\"display: none; width: 100%;\" class=\"slide-177 ms-image\"><img width=\"2000\" height=\"2671\" src=\"https:\/\/www.basakbugay.com\/wp-content\/uploads\/2015\/07\/mini-_DSC1561.jpg\" class=\"slider-94 slide-177\" alt=\"\" loading=\"lazy\" rel=\"\" title=\"\" style=\"margin: 0 auto; width: 52.4148259079%\" srcset=\"https:\/\/www.basakbugay.com\/wp-content\/uploads\/2015\/07\/mini-_DSC1561.jpg 2000w, https:\/\/www.basakbugay.com\/wp-content\/uploads\/2015\/07\/mini-_DSC1561-225x300.jpg 225w, https:\/\/www.basakbugay.com\/wp-content\/uploads\/2015\/07\/mini-_DSC1561-767x1024.jpg 767w, https:\/\/www.basakbugay.com\/wp-content\/uploads\/2015\/07\/mini-_DSC1561-600x801.jpg 600w, https:\/\/www.basakbugay.com\/wp-content\/uploads\/2015\/07\/mini-_DSC1561-1090x1456.jpg 1090w, https:\/\/www.basakbugay.com\/wp-content\/uploads\/2015\/07\/mini-_DSC1561-225x300@2x.jpg 450w, https:\/\/www.basakbugay.com\/wp-content\/uploads\/2015\/07\/mini-_DSC1561-767x1024@2x.jpg 1534w, https:\/\/www.basakbugay.com\/wp-content\/uploads\/2015\/07\/mini-_DSC1561-600x801@2x.jpg 1200w\" sizes=\"(max-width: 2000px) 100vw, 2000px\" \/><div class=\"caption-wrap\"><div class=\"caption\">Praying mantis, 2014, fabric, fiber, 91x112x88 cm<\/div><\/div><\/li>\n                <li style=\"display: none; width: 100%;\" class=\"slide-159 ms-image\"><img width=\"1000\" height=\"1267\" src=\"https:\/\/www.basakbugay.com\/wp-content\/uploads\/2015\/07\/mini-_DSC1631.jpg\" class=\"slider-94 slide-159\" alt=\"\" loading=\"lazy\" rel=\"\" title=\"\" style=\"margin: 0 auto; width: 55.24861878453%\" srcset=\"https:\/\/www.basakbugay.com\/wp-content\/uploads\/2015\/07\/mini-_DSC1631.jpg 1000w, https:\/\/www.basakbugay.com\/wp-content\/uploads\/2015\/07\/mini-_DSC1631-237x300.jpg 237w, https:\/\/www.basakbugay.com\/wp-content\/uploads\/2015\/07\/mini-_DSC1631-808x1024.jpg 808w, https:\/\/www.basakbugay.com\/wp-content\/uploads\/2015\/07\/mini-_DSC1631-600x760.jpg 600w, https:\/\/www.basakbugay.com\/wp-content\/uploads\/2015\/07\/mini-_DSC1631-237x300@2x.jpg 474w\" sizes=\"(max-width: 1000px) 100vw, 1000px\" \/><div class=\"caption-wrap\"><div class=\"caption\">Empty, 2014, fabric&amp;fibre, 157x71x135 cm<\/div><\/div><\/li>\n                <li style=\"display: none; width: 100%;\" class=\"slide-161 ms-image\"><img width=\"1000\" height=\"769\" src=\"https:\/\/www.basakbugay.com\/wp-content\/uploads\/2015\/07\/mini-_DSC1689.jpg\" class=\"slider-94 slide-161\" alt=\"\" loading=\"lazy\" rel=\"\" title=\"\" style=\"margin: 0 auto; width: 91.027308192458%\" srcset=\"https:\/\/www.basakbugay.com\/wp-content\/uploads\/2015\/07\/mini-_DSC1689.jpg 1000w, https:\/\/www.basakbugay.com\/wp-content\/uploads\/2015\/07\/mini-_DSC1689-300x231.jpg 300w, https:\/\/www.basakbugay.com\/wp-content\/uploads\/2015\/07\/mini-_DSC1689-600x461.jpg 600w\" sizes=\"(max-width: 1000px) 100vw, 1000px\" \/><\/li>\n                <li style=\"display: none; width: 100%;\" class=\"slide-163 ms-image\"><img width=\"2000\" height=\"2981\" src=\"https:\/\/www.basakbugay.com\/wp-content\/uploads\/2015\/07\/mini-_DSC1540.jpg\" class=\"slider-94 slide-163\" alt=\"\" loading=\"lazy\" rel=\"\" title=\"\" style=\"margin: 0 auto; width: 46.964106004696%\" srcset=\"https:\/\/www.basakbugay.com\/wp-content\/uploads\/2015\/07\/mini-_DSC1540.jpg 2000w, https:\/\/www.basakbugay.com\/wp-content\/uploads\/2015\/07\/mini-_DSC1540-201x300.jpg 201w, https:\/\/www.basakbugay.com\/wp-content\/uploads\/2015\/07\/mini-_DSC1540-687x1024.jpg 687w, https:\/\/www.basakbugay.com\/wp-content\/uploads\/2015\/07\/mini-_DSC1540-600x894.jpg 600w, https:\/\/www.basakbugay.com\/wp-content\/uploads\/2015\/07\/mini-_DSC1540-1090x1625.jpg 1090w, https:\/\/www.basakbugay.com\/wp-content\/uploads\/2015\/07\/mini-_DSC1540-201x300@2x.jpg 402w, https:\/\/www.basakbugay.com\/wp-content\/uploads\/2015\/07\/mini-_DSC1540-687x1024@2x.jpg 1374w, https:\/\/www.basakbugay.com\/wp-content\/uploads\/2015\/07\/mini-_DSC1540-600x894@2x.jpg 1200w\" sizes=\"(max-width: 2000px) 100vw, 2000px\" \/><div class=\"caption-wrap\"><div class=\"caption\">Baby mobile, 2014, fabric&amp;fibre, acrylic glass, 133x50x43 cm<\/div><\/div><\/li>\n                <li style=\"display: none; width: 100%;\" class=\"slide-167 ms-image\"><img width=\"3000\" height=\"1957\" src=\"https:\/\/www.basakbugay.com\/wp-content\/uploads\/2015\/07\/mini-_DSC1670.jpg\" class=\"slider-94 slide-167\" alt=\"\" loading=\"lazy\" rel=\"\" title=\"\" style=\"margin-top: 2.3833333333333%\" srcset=\"https:\/\/www.basakbugay.com\/wp-content\/uploads\/2015\/07\/mini-_DSC1670.jpg 3000w, https:\/\/www.basakbugay.com\/wp-content\/uploads\/2015\/07\/mini-_DSC1670-300x196.jpg 300w, https:\/\/www.basakbugay.com\/wp-content\/uploads\/2015\/07\/mini-_DSC1670-1024x668.jpg 1024w, https:\/\/www.basakbugay.com\/wp-content\/uploads\/2015\/07\/mini-_DSC1670-600x391.jpg 600w, https:\/\/www.basakbugay.com\/wp-content\/uploads\/2015\/07\/mini-_DSC1670-1090x711.jpg 1090w, https:\/\/www.basakbugay.com\/wp-content\/uploads\/2015\/07\/mini-_DSC1670-1024x668@2x.jpg 2048w, https:\/\/www.basakbugay.com\/wp-content\/uploads\/2015\/07\/mini-_DSC1670-600x391@2x.jpg 1200w, https:\/\/www.basakbugay.com\/wp-content\/uploads\/2015\/07\/mini-_DSC1670-1090x711@2x.jpg 2180w\" sizes=\"(max-width: 3000px) 100vw, 3000px\" \/><\/li>\n                <li style=\"display: none; width: 100%;\" class=\"slide-168 ms-image\"><img width=\"2000\" height=\"2211\" src=\"https:\/\/www.basakbugay.com\/wp-content\/uploads\/2015\/07\/mini-_DSC1622.jpg\" class=\"slider-94 slide-168\" alt=\"\" loading=\"lazy\" rel=\"\" title=\"\" style=\"margin: 0 auto; width: 63.319764812302%\" srcset=\"https:\/\/www.basakbugay.com\/wp-content\/uploads\/2015\/07\/mini-_DSC1622.jpg 2000w, https:\/\/www.basakbugay.com\/wp-content\/uploads\/2015\/07\/mini-_DSC1622-271x300.jpg 271w, https:\/\/www.basakbugay.com\/wp-content\/uploads\/2015\/07\/mini-_DSC1622-926x1024.jpg 926w, https:\/\/www.basakbugay.com\/wp-content\/uploads\/2015\/07\/mini-_DSC1622-600x663.jpg 600w, https:\/\/www.basakbugay.com\/wp-content\/uploads\/2015\/07\/mini-_DSC1622-1090x1205.jpg 1090w, https:\/\/www.basakbugay.com\/wp-content\/uploads\/2015\/07\/mini-_DSC1622-271x300@2x.jpg 542w, https:\/\/www.basakbugay.com\/wp-content\/uploads\/2015\/07\/mini-_DSC1622-926x1024@2x.jpg 1852w, https:\/\/www.basakbugay.com\/wp-content\/uploads\/2015\/07\/mini-_DSC1622-600x663@2x.jpg 1200w\" sizes=\"(max-width: 2000px) 100vw, 2000px\" \/><div class=\"caption-wrap\"><div class=\"caption\">Big head, 2014, fabric&amp;fibre, 64x45x53 cm<\/div><\/div><\/li>\n                <li style=\"display: none; width: 100%;\" class=\"slide-173 ms-image\"><img width=\"2000\" height=\"3091\" src=\"https:\/\/www.basakbugay.com\/wp-content\/uploads\/2015\/07\/mini-_DSC1550.jpg\" class=\"slider-94 slide-173\" alt=\"\" loading=\"lazy\" rel=\"\" title=\"\" style=\"margin: 0 auto; width: 45.292785506309%\" srcset=\"https:\/\/www.basakbugay.com\/wp-content\/uploads\/2015\/07\/mini-_DSC1550.jpg 2000w, https:\/\/www.basakbugay.com\/wp-content\/uploads\/2015\/07\/mini-_DSC1550-194x300.jpg 194w, https:\/\/www.basakbugay.com\/wp-content\/uploads\/2015\/07\/mini-_DSC1550-663x1024.jpg 663w, https:\/\/www.basakbugay.com\/wp-content\/uploads\/2015\/07\/mini-_DSC1550-600x927.jpg 600w, https:\/\/www.basakbugay.com\/wp-content\/uploads\/2015\/07\/mini-_DSC1550-1090x1685.jpg 1090w, https:\/\/www.basakbugay.com\/wp-content\/uploads\/2015\/07\/mini-_DSC1550-194x300@2x.jpg 388w, https:\/\/www.basakbugay.com\/wp-content\/uploads\/2015\/07\/mini-_DSC1550-663x1024@2x.jpg 1326w, https:\/\/www.basakbugay.com\/wp-content\/uploads\/2015\/07\/mini-_DSC1550-600x927@2x.jpg 1200w\" sizes=\"(max-width: 2000px) 100vw, 2000px\" \/><div class=\"caption-wrap\"><div class=\"caption\">Little dolls, 2014, fabric&amp;fibre, string, variable dimensions<\/div><\/div><\/li>\n                <li style=\"display: none; width: 100%;\" class=\"slide-172 ms-image\"><img width=\"1000\" height=\"1000\" src=\"https:\/\/www.basakbugay.com\/wp-content\/uploads\/2015\/07\/IMG_8412.jpg\" class=\"slider-94 slide-172\" alt=\"\" loading=\"lazy\" rel=\"\" title=\"\" style=\"margin: 0 auto; width: 70%\" srcset=\"https:\/\/www.basakbugay.com\/wp-content\/uploads\/2015\/07\/IMG_8412.jpg 1000w, https:\/\/www.basakbugay.com\/wp-content\/uploads\/2015\/07\/IMG_8412-150x150.jpg 150w, https:\/\/www.basakbugay.com\/wp-content\/uploads\/2015\/07\/IMG_8412-300x300.jpg 300w, https:\/\/www.basakbugay.com\/wp-content\/uploads\/2015\/07\/IMG_8412-600x600.jpg 600w\" sizes=\"(max-width: 1000px) 100vw, 1000px\" \/><\/li>\n                <li style=\"display: none; width: 100%;\" class=\"slide-181 ms-image\"><img width=\"2000\" height=\"3416\" src=\"https:\/\/www.basakbugay.com\/wp-content\/uploads\/2015\/07\/mini-_DSC1604.jpg\" class=\"slider-94 slide-181\" alt=\"\" loading=\"lazy\" rel=\"\" title=\"\" style=\"margin: 0 auto; width: 40.983606557377%\" srcset=\"https:\/\/www.basakbugay.com\/wp-content\/uploads\/2015\/07\/mini-_DSC1604.jpg 2000w, https:\/\/www.basakbugay.com\/wp-content\/uploads\/2015\/07\/mini-_DSC1604-176x300.jpg 176w, https:\/\/www.basakbugay.com\/wp-content\/uploads\/2015\/07\/mini-_DSC1604-600x1025.jpg 600w, https:\/\/www.basakbugay.com\/wp-content\/uploads\/2015\/07\/mini-_DSC1604-1090x1862.jpg 1090w, https:\/\/www.basakbugay.com\/wp-content\/uploads\/2015\/07\/mini-_DSC1604-176x300@2x.jpg 352w, https:\/\/www.basakbugay.com\/wp-content\/uploads\/2015\/07\/mini-_DSC1604-600x1025@2x.jpg 1200w\" sizes=\"(max-width: 2000px) 100vw, 2000px\" \/><div class=\"caption-wrap\"><div class=\"caption\">Pillow, 2014, fabric&amp;fibre, 125x46x64 cm<\/div><\/div><\/li>\n                <li style=\"display: none; width: 100%;\" class=\"slide-180 ms-image\"><img width=\"2000\" height=\"3232\" src=\"https:\/\/www.basakbugay.com\/wp-content\/uploads\/2015\/07\/mini-_DSC1534.jpg\" class=\"slider-94 slide-180\" alt=\"\" loading=\"lazy\" rel=\"\" title=\"\" style=\"margin: 0 auto; width: 43.316831683168%\" srcset=\"https:\/\/www.basakbugay.com\/wp-content\/uploads\/2015\/07\/mini-_DSC1534.jpg 2000w, https:\/\/www.basakbugay.com\/wp-content\/uploads\/2015\/07\/mini-_DSC1534-186x300.jpg 186w, https:\/\/www.basakbugay.com\/wp-content\/uploads\/2015\/07\/mini-_DSC1534-634x1024.jpg 634w, https:\/\/www.basakbugay.com\/wp-content\/uploads\/2015\/07\/mini-_DSC1534-600x970.jpg 600w, https:\/\/www.basakbugay.com\/wp-content\/uploads\/2015\/07\/mini-_DSC1534-1090x1761.jpg 1090w, https:\/\/www.basakbugay.com\/wp-content\/uploads\/2015\/07\/mini-_DSC1534-186x300@2x.jpg 372w, https:\/\/www.basakbugay.com\/wp-content\/uploads\/2015\/07\/mini-_DSC1534-634x1024@2x.jpg 1268w, https:\/\/www.basakbugay.com\/wp-content\/uploads\/2015\/07\/mini-_DSC1534-600x970@2x.jpg 1200w\" sizes=\"(max-width: 2000px) 100vw, 2000px\" \/><\/li>\n            <\/ul>\n        <\/div>\n        \n    <\/div>\n<\/div>\n<p>&nbsp;<\/p>\n<p>&nbsp;<\/p>\n<h6>Digital graphics, text editing and translation: Asl\u0131 \u00c7\u0130\u00c7EK<\/h6>\n<h6>Photo Credit: Mesut G\u00dcVENL\u0130<\/h6>\n<h6>Lighting and space design: Sava\u015f \u00d6ZDEM\u0130R, \u0130smail HAZIR<\/h6>\n","protected":false},"excerpt":{"rendered":"<p>Presentation in the studio of the artist, Istanbul, 2015 &nbsp; &nbsp; Digital graphics, text editing and translation: Asl\u0131 \u00c7\u0130\u00c7EK Photo Credit: Mesut G\u00dcVENL\u0130 Lighting and space design:&hellip;<\/p>\n","protected":false},"author":1,"featured_media":0,"parent":0,"menu_order":0,"comment_status":"closed","ping_status":"closed","template":"","meta":[],"_links":{"self":[{"href":"https:\/\/www.basakbugay.com\/index.php\/wp-json\/wp\/v2\/pages\/280"}],"collection":[{"href":"https:\/\/www.basakbugay.com\/index.php\/wp-json\/wp\/v2\/pages"}],"about":[{"href":"https:\/\/www.basakbugay.com\/index.php\/wp-json\/wp\/v2\/types\/page"}],"author":[{"embeddable":true,"href":"https:\/\/www.basakbugay.com\/index.php\/wp-json\/wp\/v2\/users\/1"}],"replies":[{"embeddable":true,"href":"https:\/\/www.basakbugay.com\/index.php\/wp-json\/wp\/v2\/comments?post=280"}],"version-history":[{"count":8,"href":"https:\/\/www.basakbugay.com\/index.php\/wp-json\/wp\/v2\/pages\/280\/revisions"}],"predecessor-version":[{"id":783,"href":"https:\/\/www.basakbugay.com\/index.php\/wp-json\/wp\/v2\/pages\/280\/revisions\/783"}],"wp:attachment":[{"href":"https:\/\/www.basakbugay.com\/index.php\/wp-json\/wp\/v2\/media?parent=280"}],"curies":[{"name":"wp","href":"https:\/\/api.w.org\/{rel}","templated":true}]}}